{"id":243,"date":"2023-04-24T17:54:41","date_gmt":"2023-04-24T15:54:41","guid":{"rendered":"https:\/\/antik-fuvar.com\/antik\/?page_id=243"},"modified":"2023-04-24T18:02:48","modified_gmt":"2023-04-24T16:02:48","slug":"legal-notice","status":"publish","type":"page","link":"https:\/\/antik-fuvar.com\/antik\/legal-notice\/","title":{"rendered":"Legal Notice"},"content":{"rendered":"\n<div class=\"wp-block-uagb-container uagb-block-c8c0c620 alignfull uagb-is-root-container\"><div class=\"uagb-container-inner-blocks-wrap\">\n<div class=\"wp-block-uagb-info-box uagb-block-25e6c622 uagb-infobox__content-wrap  uagb-infobox-icon-above-title uagb-infobox-image-valign-top\"><div class=\"uagb-ifb-content\"><div class=\"uagb-ifb-title-wrap\"><h2 class=\"uagb-ifb-title\">Legal Notice<\/h2><\/div><p class=\"uagb-ifb-desc\">JOGI NYILATKOZAT<br>Ez a t\u00e1j\u00e9koztat\u00f3 az\u00e9rt j\u00f6tt l\u00e9tre, hogy \u00e1ltal\u00e1nos inform\u00e1ci\u00f3kat ny\u00fajtson, \u00e9s nem helyettes\u00edtheti a jogi tan\u00e1csad\u00e1st. Az oldal tartalm\u00e1nak haszn\u00e1lata kiz\u00e1r\u00f3lag a felhaszn\u00e1l\u00f3 felel\u0151ss\u00e9g\u00e9re t\u00f6rt\u00e9nik. Az oldal szerz\u0151i jogv\u00e9delem alatt \u00e1ll, \u00e9s tilos a tartalm\u00e1nak b\u00e1rmilyen form\u00e1ban t\u00f6rt\u00e9n\u0151 m\u00e1sol\u00e1sa vagy terjeszt\u00e9se a szerz\u0151 enged\u00e9lye n\u00e9lk\u00fcl.<br>Az oldalon tal\u00e1lhat\u00f3 linkek m\u00e1s webhelyekre vezethetnek, amelyek tartalma nem az oldal tulajdonos\u00e1nak felel\u0151ss\u00e9gi k\u00f6r\u00e9be tartozik. Az ilyen linkek csak az inform\u00e1ci\u00f3 megoszt\u00e1s\u00e1ra szolg\u00e1lnak, \u00e9s nem jelentik az oldal tulajdonos\u00e1nak aj\u00e1nl\u00e1s\u00e1t vagy j\u00f3v\u00e1hagy\u00e1s\u00e1t.<br>Ez a jogi nyilatkozat az [antik-fuvar.com] haszn\u00e1lat\u00e1val kapcsolatos. Az oldal haszn\u00e1lat\u00e1val \u00d6n elfogadja ezen nyilatkozat felt\u00e9teleit. Amennyiben b\u00e1rmilyen k\u00e9rd\u00e9se van a jogi nyilatkozattal kapcsolatban, k\u00e9rj\u00fck, vegye fel vel\u00fcnk a kapcsolatot a [<a href=\"mailto:info@antik-fuvar.com\">info@antik-fuvar.com<\/a>] c\u00edmen.<\/p><\/div><\/div>\n<\/div><\/div>\n","protected":false},"excerpt":{"rendered":"","protected":false},"author":1,"featured_media":0,"parent":0,"menu_order":0,"comment_status":"closed","ping_status":"closed","template":"","meta":{"_uag_custom_page_level_css":"","site-sidebar-layout":"default","site-content-layout":"default","ast-global-header-display":"","ast-main-header-display":"","ast-hfb-above-header-display":"","ast-hfb-below-header-display":"","ast-hfb-mobile-header-display":"","site-post-title":"","ast-breadcrumbs-content":"","ast-featured-img":"","footer-sml-layout":"","theme-transparent-header-meta":"","adv-header-id-meta":"","stick-header-meta":"","header-above-stick-meta":"","header-main-stick-meta":"","header-below-stick-meta":""},"uagb_featured_image_src":{"full":false,"thumbnail":false,"medium":false,"medium_large":false,"large":false,"1536x1536":false,"2048x2048":false},"uagb_author_info":{"display_name":"marci.dvk@gmail.com","author_link":"https:\/\/antik-fuvar.com\/antik\/author\/marci-dvkgmail-com\/"},"uagb_comment_info":0,"uagb_excerpt":null,"_links":{"self":[{"href":"https:\/\/antik-fuvar.com\/antik\/wp-json\/wp\/v2\/pages\/243"}],"collection":[{"href":"https:\/\/antik-fuvar.com\/antik\/wp-json\/wp\/v2\/pages"}],"about":[{"href":"https:\/\/antik-fuvar.com\/antik\/wp-json\/wp\/v2\/types\/page"}],"author":[{"embeddable":true,"href":"https:\/\/antik-fuvar.com\/antik\/wp-json\/wp\/v2\/users\/1"}],"replies":[{"embeddable":true,"href":"https:\/\/antik-fuvar.com\/antik\/wp-json\/wp\/v2\/comments?post=243"}],"version-history":[{"count":2,"href":"https:\/\/antik-fuvar.com\/antik\/wp-json\/wp\/v2\/pages\/243\/revisions"}],"predecessor-version":[{"id":252,"href":"https:\/\/antik-fuvar.com\/antik\/wp-json\/wp\/v2\/pages\/243\/revisions\/252"}],"wp:attachment":[{"href":"https:\/\/antik-fuvar.com\/antik\/wp-json\/wp\/v2\/media?parent=243"}],"curies":[{"name":"wp","href":"https:\/\/api.w.org\/{rel}","templated":true}]}}